 is divided by 158.
25
Calculate the remainder when 1322 is divided by 1315.
7
Calculate the remainder when 44277 is divided by 22119.
39
Calculate the remainder when 32858 is divided by 916.
798
Calculate the remainder when 5953 is divided by 37.
33
Calculate the remainder when 308862 is divided by 22061.
8
What is the remainder when 1194715 is divided by 1022?
1019
What is the remainder when 28513 is divided by 14254?
5
Calculate the remainder when 1397 is divided by 810.
587
What is the remainder when 973 is divided by 447?
79
What is the remainder when 54640 is divided by 748?
36
Calculate the remainder when 68734 is divided by 6246.
28
Calculate the remainder when 408 is divided by 300.
108
What is the remainder when 7755 is divided by 550?
55
Calculate the remainder when 2571 is divided by 955.
661
Calculate the remainder when 632 is divided by 483.
149
What is the remainder when 23335 is divided by 93?
85
Calculate the remainder when 81501 is divided by 184.
173
What is the remainder when 40416 is divided by 13468?
12
What is the remainder when 40696 is divided by 139?
108
Calculate the remainder when 73306 is divided by 21.
16
Calculate the remainder when 4879 is divided by 690.
49
Calculate the remainder when 1540651 is divided by 29.
26
What is the remainder when 184663 is divided by 82?
81
Calculate the remainder when 2117 is divided by 909.
299
Calculate the remainder when 2047 is divided by 120.
7
What is the remainder when 6729 is divided by 2224?
57
What is the remainder when 564 is divided by 101?
59
Calculate the remainder when 28788 is divided by 7163.
136
Calculate the remainder when 936260 is divided by 9.
8
What is the remainder when 19547 is divided by 13?
8
Calculate the remainder when 473847 is divided by 390.
387
What is the remainder when 73929 is divided by 57?
0
Calculate the remainder when 7058 is divided by 33.
29
What is the remainder when 17214 is divided by 145?
104
Calculate the remainder when 47842 is divided by 24.
10
Calculate the remainder when 22987 is divided by 2297.
17
What is the remainder when 90036 is divided by 86?
80
Calculate the remainder when 162009 is divided by 10.
9
What is the remainder when 590 is divided by 180?
50
Calculate the remainder when 176318 is divided by 79.
69
Calculate the remainder when 56852 is divided by 235.
217
Calculate the remainder when 5750 is divided by 1437.
2
What is the remainder when 1554198 is divided by 25?
23
What is the remainder when 44031 is divided by 620?
11
Calculate the remainder when 147505 is divided by 29499.
10
What is the remainder when 3743 is divided by 610?
83
What is the remainder when 954 is divided by 134?
16
Calculate the remainder when 316005 is divided by 198.
195
Calculate the remainder when 12053 is divided by 2995.
73
Calculate the remainder when 11036 is divided by 554.
510
What is the remainder when 4696 is divided by 251?
178
Calculate the remainder when 3467 is divided by 2875.
592
What is the remainder when 163283 is divided by 175?
8
What is the remainder when 148506 is divided by 22?
6
Calculate the remainder when 5038442 is divided by 284.
282
What is the remainder when 9074 is divided by 4525?
24
Calculate the remainder when 93057 is divided by 47.
44
What is the remainder when 37749 is divided by 39?
36
What is the remainder when 10947 is divided by 1056?
387
What is the remainder when 5628 is divided by 88?
84
Calculate the remainder when 389380 is divided by 21.
19
Calculate the remainder when 4514 is divided by 422.
294
Calculate the remainder when 1375 is divided by 53.
50
What is the remainder when 3314 is divided by 3311?
3
What is the remainder when 2918 is divided by 338?
214
Calculate the remainder when 10074 is divided by 4995.
84
What is the remainder when 242971 is divided by 96?
91
Calculate the remainder when 170194 is divided by 32.
18
Calculate the remainder when 134853 is divided by 2013.
1995
What is the remainder when 8947 is divided by 19?
17
What is the remainder when 63072 is divided by 7008?
0
What is the remainder when 49512 is divided by 9900?
12
Calculate the remainder when 26564 is divided by 26544.
20
What is the remainder when 379259 is divided by 30?
29
Calculate the remainder when 17477 is divided by 17437.
40
Calculate the remainder when 3528 is divided by 1412.
704
Calculate the remainder when 18043 is divided by 948.
31
What is the remainder when 3279 is divided by 413?
388
Calculate the remainder when 87666 is divided by 14.
12
What is the remainder when 1284 is divided by 530?
224
What is the remainder when 34209 is divided by 11325?
234
What is the remainder when 28159 is divided by 131?
125
What is the remainder when 8577 is divided by 305?
37
Calculate the remainder when 2262 is divided by 1650.
612
What is the remainder when 3152 is divided by 272?
160
What is the remainder when 11861 is divided by 3942?
35
Calculate the remainder when 63515 is divided by 32.
27
Calculate the remainder when 716 is divided by 668.
48
What is the remainder when 3247 is divided by 161?
27
What is the remainder when 10417 is divided by 800?
17
Calculate the remainder when 45010 is divided by 103.
102
Calculate the remainder when 4704782 is divided by 392.
390
What is the remainder when 5932 is divided by 286?
212
What is the remainder when 1413356 is divided by 208?
204
What is the remainder when 174946 is divided by 251?
250
Calculate the remainder when 3826 is divided by 99.
64
Calculate the remainder when 15366 is divided by 1386.
120
What is the remainder when 2194 is divided by 1113?
1081
What is the remainder when 54187 is divided by 24?
19
Calculate the remainder when 355 is divided by 90.
85
Calculate the remainder when 21419 is divided by 1975.
1669
What is the remainder when 14856 is divided by 27?
6
Calculate the remainder when 152522 is divided by 21.
20
What is the remainder when 16234 is divided by 82?
80
What is the remainder when 30744 is divided by 4?
0
Calculate the remainder when 36931 is divided by 12289.
64
Calculate the remainder when 108062 is divided by 108061.
1
Calculate the remainder when 7399 is divided by 34.
21
Calculate the remainder when 64220 is divided by 29.
14
Calculate the remainder when 32376 is divided by 5.
1
Calculate the remainder when 697729 is divided by 29.
18
Calculate the remainder when 6973 is divided by 1051.
667
What is the remainder when 5490 is divided by 1765?
195
Calculate the remainder when 753226 is divided by 36.
34
Calculate the remainder when 11407 is divided by 2022.
1297
What is the remainder when 131006 is divided by 244?
222
Calculate the remainder when 5258 is divided by 396.
110
Calculate the remainder when 328466 is divided by 30.
26
Calculate the remainder when 354557 is divided by 82.
71
Calculate the remainder when 23283 is divided by 11639.
5
Calculate the remainder when 6169 is divided by 33.
31
Calculate the remainder when 7734 is divided by 1928.
22
What is the remainder when 90244 is divided by 921?
907
Calculate the remainder when 286753 is divided by 35843.
9
Calculate the remainder when 104101 is divided by 235.
231
What is the remainder when 43986 is divided by 32?
18
Calculate the remainder when 975 is divided by 21.
9
Calculate the remainder when 4309 is divided by 473.
52
Calculate the remainder when 4666245 is divided by 19.
16
Calculate the remainder when 69303 is divided by 23100.
3
Calculate the remainder when 33381 is divided by 16207.
967
Calculate the remainder when 542 is divided by 188.
166
What is the remainder when 4617 is divided by 31?
29
Calculate the remainder when 1424 is divided by 477.
470
What is the remainder when 19970 is divided by 2213?
53
What is the remainder when 4866 is divided by 1089?
510
Calculate the remainder when 184228 is divided by 4847.
42
Calculate the remainder when 23279 is divided by 31.
29
Calculate the remainder when 59350 is divided by 605.
60
Calculate the remainder when 4698 is divided by 277.
266
Calculate the remainder when 5347 is divided by 5337.
10
What is the remainder when 616090 is divided by 311?
310
What is the remainder when 27060 is divided by 27036?
24
Calculate the remainder when 3619 is divided by 3594.
25
Calculate the remainder when 3744 is divided by 125.
119
Wh